of 6939 and 4883?
257
What is the highest common factor of 1653808 and 304?
16
What is the highest common factor of 104 and 521144?
104
Calculate the highest common factor of 22 and 14289.
11
Calculate the greatest common divisor of 396 and 77418.
198
What is the greatest common factor of 144 and 138096?
144
What is the highest common divisor of 75 and 62925?
75
Calculate the greatest common factor of 200934 and 2562.
366
What is the greatest common factor of 43904 and 2016?
224
What is the highest common factor of 536 and 6767?
67
Calculate the highest common divisor of 18163 and 377436.
443
Calculate the greatest common divisor of 990 and 3780.
90
Calculate the greatest common divisor of 1143 and 185928.
381
Calculate the greatest common divisor of 12968106 and 1234.
1234
Calculate the greatest common factor of 16956 and 45687.
471
Calculate the highest common divisor of 3015 and 441865.
335
What is the greatest common factor of 1716 and 1232?
44
Calculate the highest common divisor of 98292 and 624.
12
What is the greatest common divisor of 858 and 1201629?
429
What is the greatest common divisor of 84954 and 18?
6
What is the highest common factor of 1790 and 55132?
358
Calculate the greatest common factor of 468196 and 1340.
268
What is the highest common factor of 13 and 61750?
13
Calculate the highest common factor of 373647 and 1475.
59
What is the highest common divisor of 5575 and 19350?
25
What is the greatest common divisor of 35392 and 98?
14
Calculate the greatest common divisor of 56 and 276472.
56
Calculate the greatest common divisor of 441 and 78147.
9
What is the highest common factor of 16320 and 239040?
960
Calculate the greatest common divisor of 81 and 35409.
3
What is the highest common factor of 128 and 84448?
32
Calculate the greatest common factor of 5 and 1317360.
5
What is the greatest common factor of 104538 and 42?
42
Calculate the greatest common divisor of 3916 and 3879777.
979
Calculate the highest common divisor of 306 and 23238.
18
What is the highest common divisor of 3432 and 139542?
78
What is the greatest common divisor of 102321 and 9?
9
Calculate the greatest common divisor of 9872 and 496.
16
Calculate the highest common factor of 342488 and 5704.
248
Calculate the highest common divisor of 123313 and 6613.
389
Calculate the greatest common divisor of 2655 and 28143.
531
Calculate the highest common factor of 123 and 103197.
123
What is the greatest common factor of 356352 and 3840?
768
Calculate the greatest common divisor of 132 and 36508.
4
What is the greatest common divisor of 418 and 24354?
22
Calculate the highest common factor of 11336 and 19402.
218
Calculate the highest common divisor of 1485 and 243045.
495
Calculate the greatest common divisor of 40 and 211730.
10
Calculate the highest common factor of 28660 and 60.
20
What is the highest common factor of 8 and 574?
2
Calculate the highest common factor of 7463 and 38193.
439
What is the greatest common factor of 1726530 and 5592?
1398
Calculate the greatest common divisor of 234949 and 52576.
1643
Calculate the highest common factor of 418 and 42724.
22
What is the highest common factor of 194 and 390134?
194
What is the highest common divisor of 2240 and 2030?
70
What is the highest common divisor of 8 and 890?
2
What is the greatest common factor of 437 and 136857?
19
What is the highest common factor of 45 and 2673?
9
What is the highest common divisor of 1291818 and 529?
529
Calculate the highest common divisor of 40 and 26445.
5
Calculate the highest common factor of 1490834 and 274.
274
What is the highest common factor of 3645 and 195?
15
Calculate the highest common factor of 119 and 6392.
17
Calculate the highest common factor of 930 and 545600.
310
Calculate the greatest common factor of 1176 and 186.
6
What is the greatest common divisor of 168 and 52488?
24
What is the greatest common divisor of 364454 and 16986?
298
What is the highest common factor of 858 and 4026?
66
What is the highest common divisor of 594 and 11022?
66
Calculate the highest common divisor of 87 and 41441.
29
Calculate the greatest common divisor of 264 and 4632.
24
What is the greatest common divisor of 108257 and 58?
29
Calculate the greatest common divisor of 4 and 29758.
2
Calculate the greatest common factor of 12875 and 206.
103
Calculate the highest common divisor of 100553 and 521.
521
What is the greatest common divisor of 120 and 250680?
120
What is the greatest common divisor of 17536 and 1024?
128
What is the greatest common factor of 692757 and 36?
9
Calculate the greatest common divisor of 40 and 11260.
20
Calculate the greatest common factor of 2640 and 13420.
220
Calculate the greatest common factor of 5120 and 55520.
160
Calculate the highest common factor of 16318 and 410.
82
Calculate the greatest common factor of 442503 and 8748.
729
Calculate the greatest common divisor of 148 and 653050.
74
What is the greatest common factor of 70 and 37324?
14
Calculate the greatest common factor of 390 and 646230.
390
What is the highest common divisor of 1013120 and 3200?
640
Calculate the greatest common factor of 27 and 106569.
27
Calculate the highest common divisor of 1466 and 5462.
2
What is the highest common factor of 15388 and 148?
4
Calculate the greatest common divisor of 445104 and 504.
72
Calculate the greatest common divisor of 27911 and 349961.
2147
Calculate the highest common factor of 540 and 302130.
270
Calculate the greatest common factor of 154 and 1877953.
77
What is the highest common factor of 86 and 258817?
43
What is the highest common factor of 24412 and 3128?
68
Calculate the greatest common divisor of 114 and 99902.
38
What is the greatest common divisor of 645 and 13029?
129
What is the highest common factor of 208803 and 915?
183
Calculate the highest common divisor of 300 and 244620.
60
Calculate the greatest common divisor of 1204320 and 30.
30
What is the greatest common factor of 90 and 2089764?
18
What is the greatest common factor of 53476 and 9976?
116
What is the highest common divisor of 3029 and 8281?
13
What is the highest common divisor of 1004 and 1982398?
502
What is the highest common divisor of 29773 and 239751?
1567
Calculate the greatest common divisor of 1770 and 378190.
590
Calculate the greatest common divisor of 90 and 220122.
18
Calculate the highest common factor of 15906 and 26664.
66
Calculate the greatest common divisor of 2790511 and 38.
19
Calculate the highest common factor of 15 and 2599365.
15
Calculate the highest common factor of 54837 and 324.
81
Calculate the highest common factor of 6094563 and 69.
69
What is the highest common divisor of 100 and 131550?
50
Calculate the highest common factor of 239 and 1091513.
239
Calculate the highest common divisor of 880 and 5830.
110
Calculate the greatest common factor of 10 and 24802.
2
What is the highest common factor of 1292 and 18962?
38
What is the highest common factor of 12448 and 80?
16
Calculate the highest common factor of 1537 and 24062.
53
What is the highest common factor of 244681 and 8177?
629
Calculate the greatest common factor of 40 and 6476.
4
Calculate the highest common divisor of 380 and 46892.
76
Calculate the greatest common divisor of 529536 and 591.
591
Calculate the highest common divisor of 50 and 137850.
50
Calculate the highest common factor of 14 and 51898.
14
Calculate the highest common factor of 812399 and 1204.
301
Calculate the highest common factor of 5225076 and 57.
57
Calculate the highest common factor of 15827 and 5814.
323
Calculate the greatest common divisor of 26121 and 237.
3
Calculate the greatest common divisor of 85224 and 120.
24
Calculate the greatest common factor of 5325 and 21939.
213
What is the highest common divisor of 23 and 7337?
23
What is the highest common divisor of 343 and 21?
7
What is the highest common factor of 736775 and 650?
325
Calculate the greatest common factor of 416895 and 30.
15
What is the greatest common factor of 1004 and 2018542?
502
Calculate the highest common factor of 19018 and 34.
2
Calculate the highest common divisor of 31704 and 432.
24
Calculate the highest common factor of 16031 and 782.
391
Calculate the greatest common factor of 32 and 24216.
8